.
2, 59, 73
List the prime factors of 34865.
5, 19, 367
List the prime factors of 349.
349
List the prime factors of 6615.
3, 5, 7
List the prime factors of 79.
79
List the prime factors of 5203.
11, 43
List the prime factors of 915.
3, 5, 61
What are the prime factors of 102147?
3, 79, 431
List the prime factors of 1264.
2, 79
List the prime factors of 2345.
5, 7, 67
List the prime factors of 593.
593
List the prime factors of 1158.
2, 3, 193
List the prime factors of 296.
2, 37
What are the prime factors of 672?
2, 3, 7
List the prime factors of 24854.
2, 17, 43
What are the prime factors of 1383?
3, 461
List the prime factors of 43295.
5, 7, 1237
List the prime factors of 1465.
5, 293
What are the prime factors of 10892?
2, 7, 389
What are the prime factors of 7396?
2, 43
List the prime factors of 2100.
2, 3, 5, 7
List the prime factors of 11950.
2, 5, 239
What are the prime factors of 3532?
2, 883
What are the prime factors of 27?
3
What are the prime factors of 3318?
2, 3, 7, 79
What are the prime factors of 4645?
5, 929
What are the prime factors of 1258?
2, 17, 37
What are the prime factors of 5371?
41, 131
What are the prime factors of 12297?
3, 4099
What are the prime factors of 1272?
2, 3, 53
What are the prime factors of 28769?
13, 2213
List the prime factors of 2638.
2, 1319
List the prime factors of 451.
11, 41
List the prime factors of 51736.
2, 29, 223
What are the prime factors of 12891?
3, 4297
List the prime factors of 27920.
2, 5, 349
What are the prime factors of 11180?
2, 5, 13, 43
What are the prime factors of 665?
5, 7, 19
List the prime factors of 34579.
151, 229
List the prime factors of 10513.
10513
What are the prime factors of 19220?
2, 5, 31
List the prime factors of 5177.
31, 167
What are the prime factors of 5432?
2, 7, 97
What are the prime factors of 17979?
3, 13, 461
List the prime factors of 4337.
4337
What are the prime factors of 204?
2, 3, 17
List the prime factors of 1162.
2, 7, 83
What are the prime factors of 4946?
2, 2473
What are the prime factors of 4885?
5, 977
What are the prime factors of 87?
3, 29
What are the prime factors of 163?
163
What are the prime factors of 1264?
2, 79
List the prime factors of 920.
2, 5, 23
List the prime factors of 151.
151
What are the prime factors of 2834?
2, 13, 109
What are the prime factors of 69154?
2, 71, 487
What are the prime factors of 2334?
2, 3, 389
What are the prime factors of 25221?
3, 7, 1201
List the prime factors of 1152.
2, 3
List the prime factors of 104946.
2, 3, 17491
List the prime factors of 1858.
2, 929
List the prime factors of 5439.
3, 7, 37
What are the prime factors of 1982?
2, 991
List the prime factors of 57831.
3, 37, 521
List the prime factors of 921.
3, 307
What are the prime factors of 10352?
2, 647
What are the prime factors of 32945?
5, 11, 599
What are the prime factors of 2466?
2, 3, 137
List the prime factors of 73760.
2, 5, 461
What are the prime factors of 389?
389
What are the prime factors of 11759?
11, 1069
What are the prime factors of 8069?
8069
List the prime factors of 31381.
7, 4483
List the prime factors of 2254.
2, 7, 23
What are the prime factors of 2036?
2, 509
What are the prime factors of 81518?
2, 40759
List the prime factors of 6576.
2, 3, 137
What are the prime factors of 2704?
2, 13
What are the prime factors of 11140?
2, 5, 557
List the prime factors of 1071.
3, 7, 17
List the prime factors of 3257.
3257
List the prime factors of 1112.
2, 139
List the prime factors of 141.
3, 47
What are the prime factors of 1111?
11, 101
List the prime factors of 31662.
2, 3, 1759
List the prime factors of 14898.
2, 3, 13, 191
What are the prime factors of 1437?
3, 479
What are the prime factors of 8089?
8089
What are the prime factors of 114937?
17, 6761
What are the prime factors of 3807?
3, 47
What are the prime factors of 740?
2, 5, 37
What are the prime factors of 3257?
3257
What are the prime factors of 1318?
2, 659
List the prime factors of 1895.
5, 379
What are the prime factors of 14913?
3, 1657
What are the prime factors of 46572?
2, 3, 3881
What are the prime factors of 1212?
2, 3, 101
List the prime factors of 18949.
7, 2707
List the prime factors of 120035.
5, 24007
What are the prime factors of 23289?
3, 7, 1109
What are the prime factors of 65089?
65089
List the prime factors of 22543.
22543
List the prime factors of 87952.
2, 23, 239
What are the prime factors of 32047?
73, 439
List the prime factors of 6990.
2, 3, 5, 233
What are the prime factors of 16542?
2, 3, 919
List the prime factors of 99573.
3, 33191
List the prime factors of 6346.
2, 19, 167
List the prime factors of 1628.
2, 11, 37
What are the prime factors of 7388?
2, 1847
What are the prime factors of 72453?
3, 24151
List the prime factors of 23910.
2, 3, 5, 797
List the prime factors of 3430.
2, 5, 7
What are the prime factors of 88963?
7, 71, 179
What are the prime factors of 1624?
2, 7, 29
List the prime factors of 98798.
2, 7, 7057
What are the prime factors of 119563?
119563
What are the prime factors of 591?
3, 197
List the prime factors of 761.
761
What are the prime factors of 71666?
2, 7, 5119
What are the prime factors of 117486?
2, 3, 61, 107
What are the prime factors of 1445?
5, 17
List the prime factors of 3734.
2, 1867
What are the prime factors of 104268?
2, 3, 8689
What are the prime factors of 3029?
13, 233
List the prime factors of 45842.
2, 22921
List the prime factors of 24572.
2, 6143
List the prime factors of 168.
2, 3, 7
What are the prime factors of 609?
3, 7, 29
List the prime factors of 381.
3, 127
What are the prime factors of 4841?
47, 103
List the prime factors of 470.
2, 5, 47
What are the prime factors of 20780?
2, 5, 1039
What are the prime factors of 2946?
2, 3, 491
List the prime factors of 1980.
2, 3, 5, 11
List the prime factors of 1655.
5, 331
What are the prime factors of 23778?
2, 3, 1321
What are the prime factors of 12402?
2, 3, 13, 53
List the prime factors of 13505.
5, 37, 73
What are the prime factors of 1437?
3, 479
What are the prime factors of 143542?
2, 7, 10253
List the prime factors of 1466.
2, 733
What are the prime factors of 62965?
5, 7, 257
What are the prime factors of 368?
2, 23
What are the prime factors of 919?
919
What are the prime factors of 1595?
5, 11, 29
What are the prime factors of 13940?
2, 5, 17, 41
List the prime factors of 2220.
2, 3, 5, 37
What are the prime factors of 1885?
5, 13, 29
List the prime factors of 6294.
2, 3, 1049
List the prime factors of 38384.
2, 2399
List the prime factors of 1511.
1511
List the prime factors of 39001.
43, 907
What are the prime factors of 3880?
2, 5, 97
What are the prime factors of 125?
5
List the prime factors of 74135.
5, 14827
What are the prime factors of 3926?
2, 13, 151
What are the prime factors of 75491?
13, 5807
What are the prime factors of 11463?
3, 3821
What are the prime factors of 6241?
79
What are the prime factors of 5173?
7, 739
What are the prime factors of 5130?
2, 3, 5, 19
List the prime factors of 431.
431
List the prime factors of 3090.
2, 3, 5, 103
List the prime factors of 48477.
3, 11, 13, 113
What are the prime factors of 6110?
2, 5, 13, 47
What are the prime factors of 559?
13, 43
List the prime factors of 170981.
19, 8999
List the prime factors of 432.
2, 3
List the prime factors of 36714.
2, 3, 29, 211
What are the prime factors of 753?
3, 251
What are the prime factors of 2219?
7, 317
What are the prime factors of 7282?
2, 11, 331
List the prime factors of 42575.
5, 13, 131
List the prime factors of 50383.
50383
What are the prime factors of 1641?
3, 547
What are the prime factors of 10141?
10141
What are the prime factors of 38228?
2, 19, 503
List the prime factors of 7145.
5, 1429
List the prime factors of 1764.
2, 3, 7
List the prime factors of 2447.
2447
What are the prime factors of 33947?
83, 409
What are the prime factors of 36056?
2, 4507
List the prime factors of 23396.
2, 5849
List the prime factors of 3911.
3911
What are the prime factors of 62600?
2, 5, 313
What are the prime factors of 139455?
3, 5, 1033
List the prime factors of 38263.
83, 461
List the prime factors of 7844.
2, 37, 53
List the prime factors of 7055.
5, 17, 83
List the prime factors of 247.
13, 19
List the prime factors of 14